k - 280 = -1252, 2*n - k = 987. List the prime factors of n.
2, 3, 41
Let k be (0 - 2)/((-2)/(-19)). Let u be (2/(-3))/(3 + 124/(-42)). Let y = u - k. List the prime factors of y.
5
List the prime factors of 2*((-219465)/(-210) + 8/(-14)).
2089
Let c(w) = w**2 + 2. Let v be c(0). Let q be (-3)/(v + -5) - 0. List the prime factors of 1*(13 - -1 - q).
13
Let m be (8/16)/(1/(-16)). List the prime factors of (-12 - m)*70/(-4).
2, 5, 7
Let a(o) = 86*o - 1. Let h be (-21)/(-6)*4/14. What are the prime factors of a(h)?
5, 17
Suppose -668 = -j + 356. List the prime factors of j.
2
Let j = 39 + -15. List the prime factors of (-3)/4 - (-1026)/j.
2, 3, 7
List the prime factors of 8/(-16)*-6626 - (-5 - 1).
3319
Suppose 0 = -8*v + 3987 + 6301. What are the prime factors of v?
2, 643
Suppose -4 - 2 = -q. Suppose -97 = -q*t + 191. Suppose 0 = -5*r + t + 117. What are the prime factors of r?
3, 11
Let r be (158/8)/((-3)/(-24)). Suppose -2*o = -r + 32. What are the prime factors of o?
3, 7
Let m(i) be the second derivative of i**3 + i**2/2 - 11*i. Let u be m(4). Suppose j = -u + 82. What are the prime factors of j?
3, 19
Suppose -3 = -6*t + 7*t. Let v be (-6)/9 - 26/t. Suppose -r = -3*r + v. List the prime factors of r.
2
Suppose j + 18 = 5*q - 12, 10 = 5*q. Let z(w) = -w**2 - 20*w + 69. What are the prime factors of z(j)?
3, 23
Let t(r) be the third derivative of 4*r**5/15 - r**4/8 + 2*r**3/3 + 15*r**2. What are the prime factors of t(2)?
2, 31
Let l(r) be the first derivative of r**4/4 + 14*r**3/3 - 15*r**2/2 + 18*r - 5. Let j be l(-15). Let t = 38 - j. List the prime factors of t.
2, 5
Suppose -8*j = -1952 - 3784. What are the prime factors of j?
3, 239
Suppose 3*m + 3*p - 36 = 0, 21 + 22 = 4*m + 3*p. Suppose -z + 3*j + 12 = 0, m*z - 2*z = -2*j + 94. Let d = 53 - z. List the prime factors of d.
5, 7
Suppose 2*t + 26 - 2 = 0. List the prime factors of ((-8680)/t)/7 + 2/(-6).
103
Suppose 3*u - 3 = 3. What are the prime factors of (0 + u + 248)*(-8)/(-20)?
2, 5
Let p = 16 - -4. Suppose 0 = 5*z - p. Suppose 0 = -5*k + 2*y + 99, z*y = -y + 15. What are the prime factors of k?
3, 7
Let d(v) be the first derivative of -3*v**2 - 7/3*v**3 + 3*v - 1/4*v**4 - 7. What are the prime factors of d(-7)?
3, 5
Suppose 125*g - 119*g - 13146 = 0. List the prime factors of g.
7, 313
Suppose 5*c = -h + 884, h = 3*c + 4*h - 540. List the prime factors of c.
2, 11
Suppose -14*y + 11*y + o + 13928 = 0, 0 = -2*y - 3*o + 9278. What are the prime factors of y?
2, 11, 211
Let h(b) = b + 10*b + 5 + 9*b - 36*b. List the prime factors of h(-5).
5, 17
Suppose 0 = -5*q + 7 + 23. Let z(i) be the first derivative of -i**4/4 + 2*i**3 + i**2 + 6*i - 8. What are the prime factors of z(q)?
2, 3
Let u = 310 - 96. What are the prime factors of u?
2, 107
Let a be (3 - -2) + (0 - 3). Suppose -3*w + 3 = -o - a, 0 = w + 4*o - 19. Suppose 0 = -3*v + 5*u + 41, -5*v = -w*v - 3*u - 26. What are the prime factors of v?
7
Suppose 5*h + 26 = -104. Let q = h - -23. List the prime factors of (-3 + -3)/q + 53.
5, 11
Let g be 0 + (-3 - 0) + (-10)/(-2). Suppose -g*d + 47 + 103 = 0. What are the prime factors of d?
3, 5
Let v(r) = -25*r + 35*r - 27*r + 2*r**2. Let i be v(13). What are the prime factors of 3/4 + i/4?
2, 3, 5
Suppose -4*k + 5746 = 5*z + 116, 0 = 5*z - 4*k - 5590. What are the prime factors of z?
2, 3, 11, 17
Suppose 5*z - b = 3349, 6*z - 4*z + 2*b = 1330. What are the prime factors of z?
3, 223
Suppose -30*v - 25*v = -77660. What are the prime factors of v?
2, 353
Let u = 63 + -58. Suppose 526 = 2*j - k, -2*j - u*k + 1024 = 2*j. What are the prime factors of j?
3, 29
Let w be (-12)/(-15) + (-876)/(-30). Suppose 0 = -g - b + 6, g - b + w = 6*g. Let x = 17 + g. What are the prime factors of x?
23
Suppose 0 = -2*j - r + 5, -j + 2 = j + 4*r. Suppose -j*i + 110 = -91. List the prime factors of i.
67
Let n = -7 - -65. Let u be 2/(-10)*n*-5. Suppose 6*l + 3*x - 187 = 2*l, l + 3*x - u = 0. What are the prime factors of l?
43
Suppose -6 = r + 14. List the prime factors of (-231)/(-5) - (-4)/r.
2, 23
Suppose 4*o + 3*s - 957 = 0, -2*o + 126 = 2*s - 354. What are the prime factors of o?
3, 79
Let c(b) = -75*b**2 + 5*b + 76*b**2 - 3 - 4. List the prime factors of c(7).
7, 11
Let g(x) = 6*x**3 + x**2. Let t be g(2). Suppose 17*p = 16*p + 16. Let i = t - p. What are the prime factors of i?
2, 3
Suppose 0 = 3*o + 3*y - 2*y - 865, y + 875 = 3*o. List the prime factors of o.
2, 5, 29
Let b(x) = x**3 - 7*x**2 - x - 14. Let l be b(8). Suppose 2*f - 3*z = -f - l, -3*z = f - 6. Let p = -2 - f. What are the prime factors of p?
7
Suppose 3*x = 6 + 24. Let r be 5/(x/124) - -3. List the prime factors of 3/(-9) + r/15.
2
List the prime factors of (-3)/6*-69*11*2.
3, 11, 23
Let d = -1829 - -3187. List the prime factors of d.
2, 7, 97
Suppose -73 = -4*o + 2*v - 201, -5*o = v + 167. Let d = o + 37. What are the prime factors of d?
2
Suppose -497 = 6*q - 3071. List the prime factors of q.
3, 11, 13
What are the prime factors of (1 - -17)/((-15)/(-2660)) + -5?
3187
Let w(b) = b**2 + 2*b - 3. Let o be w(-4). Suppose -z - 1 = -2*p + 1, 3*z + 4 = o*p. Suppose 3*u - 6 = p*i, -3*i + 2 = -u - 3. List the prime factors of u.
2
Suppose 0 = -5*p - 2*t - 0*t - 53, 2*t - 46 = 4*p. Let g(d) = 5*d - 89. Let i(c) = c - 22. Let h(m) = 2*g(m) - 9*i(m). What are the prime factors of h(p)?
3
Suppose 3*o = -v + 1096, 8*v - 6*v - 2182 = -o. List the prime factors of v.
2, 5, 109
Let d = -24 - -43. Let a = 23 - d. Suppose 7*t - a*t = 60. What are the prime factors of t?
2, 5
Let l(d) = 11*d**2 - 30 - d**3 - 16*d + 15*d**2 - 7*d**2 + 3*d**2. What are the prime factors of l(21)?
3, 5
Let j(c) = c**2 - 2*c - 4. Let n = 5 - 0. Suppose 2*z + n*k + 6 = 0, -3*z = 3*k + 2*k + 9. What are the prime factors of j(z)?
11
Suppose 2*s + 933 = -3*s - u, -179 = s + 4*u. Let w = -104 - s. List the prime factors of w.
83
Let j = -3 - -7. Suppose -5*p + 21 = -j. Suppose -p*t + 0*l - 4*l = -111, 5*t + 3*l = 112. What are the prime factors of t?
23
Let h = 6692 + -4099. What are the prime factors of h?
2593
Let t(m) = -m**3 - 3*m**2 + 3*m + 2. Let r be t(-4). Let l be 3/r - (-114)/4. What are the prime factors of (1 - l)/(-2)*1?
2, 7
Let f = -26 + -6. Let a = 34 + f. What are the prime factors of (-11 - a)/(1/(-3))?
3, 13
Let r(a) = -123*a - 8. Let m = -124 - -123. List the prime factors of r(m).
5, 23
Let u(x) = -44 + 9*x**2 + 37 - 16*x + 0*x**3 + x**3. Let j be u(-11). Let q = -52 - j. What are the prime factors of q?
3, 7
Suppose b + 85 = -3*u - 2*u, 2*b = u - 115. List the prime factors of (-400)/(-14) + b/(-140).
29
Let d(v) be the third derivative of 1/120*v**6 + 1/10*v**5 - 1/6*v**3 + 0 + 2*v**2 + 0*v - 3/8*v**4. List the prime factors of d(-7).
13
Suppose 2*d - 71 - 25 = 0. Suppose d + 57 = -5*p. List the prime factors of p/(-1)*(-1 - -2).
3, 7
Suppose -653*x + 1314 = -651*x. List the prime factors of x.
3, 73
Suppose 0 = -h - 2*a + 662, 40*a - 37*a - 3 = 0. What are the prime factors of h?
2, 3, 5, 11
Suppose -2*x - 3 = -f, 3*x = 4*x - 1. Let j be (34/8)/((-3)/(-12)). Let g = j + f. List the prime factors of g.
2, 11
Let h(i) = i + 4. Let x be h(13). Let c = 11 - x. List the prime factors of (21/c)/(2/(-12)).
3, 7
Suppose 3*q = q + 136. Suppose -2*n + 4*x - 21 + 109 = 0, -2*n - x + q = 0. What are the prime factors of (-490)/(-18) + (-8)/n?
3
Let n be 26 + -1 + -4 + 2. Suppose -2*a - 37 = -4*y + a, 2*y - n = -3*a. Suppose -z = z - y. What are the prime factors of z?
5
Suppose -5*x - r - 7 = 0, -4*x = -5*r - 8 + 2. Let o(l) = -48*l**3 + 4*l**2 + l - 2. What are the prime factors of o(x)?
7
Let o = -8 + 9. Let b be (o - (4 - 2))*3. Let i = 10 - b. List the prime factors of i.
13
Let p(r) = -2*r**3 - r + 142. Let l be p(0). Let d = 254 - l. What are the prime factors of d?
2, 7
Let t(h) = 5*h + 18. Let m be t(-2). List the prime factors of (-6)/4 + 276/m.
3, 11
Suppose 0 = 4*j, 0*t + 3*t - 3*j - 705 = 0. What are the prime factors of t?
5, 47
Suppose 4*c - 4*w - 1724 = -0*w, -3*c + 2*w = -1288. What are the prime factors of c?
2, 3, 71
Suppose 0 = -20*k + 8*k + 18348. List the prime factors of k.
11, 139
Suppose -3*c + 18 = 4*t - 5, -t = 2*c - 7. Let n(p) be the first derivative of 26*p**3/3 + p**2/2 + 1. List the prime factors of n(c).
3
Suppose 5*w - 4*z = -z 